{"id":43,"date":"2025-03-24T09:55:51","date_gmt":"2025-03-24T09:55:51","guid":{"rendered":"https:\/\/www.fitforfuture.fi\/?page_id=43"},"modified":"2025-04-11T15:02:16","modified_gmt":"2025-04-11T15:02:16","slug":"ajankohtaista","status":"publish","type":"page","link":"https:\/\/www.fitforfuture.fi\/index.php\/etusivu\/ajankohtaista\/","title":{"rendered":"Ajankohtaista"},"content":{"rendered":"\n<figure class=\"wp-block-video\"><video height=\"1080\" style=\"aspect-ratio: 1920 \/ 1080;\" width=\"1920\" autoplay controls src=\"https:\/\/www.fitforfuture.fi\/wp-content\/uploads\/2025\/03\/FFF-musiikkivideo.mp4\" playsinline><\/video><\/figure>\n\n\n\n<p><strong>FIT FOR FUTURE &#8211; VALMIINA TULEVAAN<\/strong>!<\/p>\n\n\n\n<p><\/p>\n\n\n\n<p><strong>Fit for Future &#8211; laulu tulevaisuudesta, jonka yhdess\u00e4 rakennamme:<\/strong><\/p>\n\n\n\n<p>Nyt katsotaan eteenp\u00e4in, <br>uudet haasteet kohdataan, <br>kun maailma muuttuu, me muututaan, <br>ja vahvuudet k\u00e4ytt\u00f6\u00f6n otetaan.<\/p>\n\n\n\n<p>Monimuotoisuus on meid\u00e4n voima, <br>erilaiset n\u00e4kemykset rikastuttaa, <br>psykologinen turvallisuus tuo rohkeuden, <br>kasvun asenne kantaa eteenp\u00e4in.<\/p>\n\n\n\n<p>Jatkuva kehitys, ei j\u00e4\u00e4d\u00e4 paikalleen, <br>rakennamme tulevaa, kest\u00e4v\u00e4sti ja oikein, <br>yhdess\u00e4 luomme kulttuurin, <br>joka kest\u00e4\u00e4 ja kantaa l\u00e4pi aikojen.<\/p>\n\n\n\n<p>Fit for Future \u2013 askeleet oikeaan, <br>Fit for Future \u2013 yhdess\u00e4 kohti tulevaa.<\/p>\n\n\n\n<div class=\"wp-block-buttons is-layout-flex wp-block-buttons-is-layout-flex\">\n<div class=\"wp-block-button\"><a class=\"wp-block-button__link wp-element-button\" href=\"https:\/\/conteoy.sumupstore.com\/tuote\/x-oma-laulu\">Tilaa oma laulu<\/a><\/div>\n<\/div>\n","protected":false},"excerpt":{"rendered":"<p>FIT FOR FUTURE &#8211; VALMIINA TULEVAAN! Fit for Future &#8211; laulu tulevaisuudesta, jonka yhdess\u00e4 rakennamme: Nyt katsotaan eteenp\u00e4in, uudet haasteet kohdataan, kun maailma muuttuu, me muututaan, ja vahvuudet k\u00e4ytt\u00f6\u00f6n otetaan. Monimuotoisuus on meid\u00e4n voima, erilaiset n\u00e4kemykset rikastuttaa, psykologinen turvallisuus tuo rohkeuden, kasvun asenne kantaa eteenp\u00e4in. Jatkuva kehitys, ei j\u00e4\u00e4d\u00e4 paikalleen, rakennamme tulevaa, kest\u00e4v\u00e4sti ja oikein, &hellip; <\/p>\n<p class=\"link-more\"><a href=\"https:\/\/www.fitforfuture.fi\/index.php\/etusivu\/ajankohtaista\/\" class=\"more-link\">Jatka lukemista<span class=\"screen-reader-text\"> &#8221;Ajankohtaista&#8221;<\/span><\/a><\/p>\n","protected":false},"author":1,"featured_media":0,"parent":40,"menu_order":3,"comment_status":"closed","ping_status":"closed","template":"","meta":{"footnotes":""},"class_list":["post-43","page","type-page","status-publish","hentry"],"yoast_head":"<!-- This site is optimized with the Yoast SEO plugin v27.5 - https:\/\/yoast.com\/product\/yoast-seo-wordpress\/ -->\n<title>Ajankohtaista - Fit For Future<\/title>\n<meta name=\"description\" content=\"Yhdess\u00e4 henkil\u00f6st\u00f6n kanssa rakennatte tulevaisuuden menestyksenne. &quot;Ain&#039; laulain ty\u00f6t\u00e4s tee&quot; - tilaa oma laulu yrityksellesi.\" \/>\n<meta name=\"robots\" content=\"index, follow, max-snippet:-1, max-image-preview:large, max-video-preview:-1\" \/>\n<link rel=\"canonical\" href=\"https:\/\/www.fitforfuture.fi\/index.php\/etusivu\/ajankohtaista\/\" \/>\n<meta property=\"og:locale\" content=\"fi_FI\" \/>\n<meta property=\"og:type\" content=\"article\" \/>\n<meta property=\"og:title\" content=\"Ajankohtaista - Fit For Future\" \/>\n<meta property=\"og:description\" content=\"Yhdess\u00e4 henkil\u00f6st\u00f6n kanssa rakennatte tulevaisuuden menestyksenne. &quot;Ain&#039; laulain ty\u00f6t\u00e4s tee&quot; - tilaa oma laulu yrityksellesi.\" \/>\n<meta property=\"og:url\" content=\"https:\/\/www.fitforfuture.fi\/index.php\/etusivu\/ajankohtaista\/\" \/>\n<meta property=\"og:site_name\" content=\"Fit For Future\" \/>\n<meta property=\"article:publisher\" content=\"https:\/\/www.facebook.com\/ConteOy\" \/>\n<meta property=\"article:modified_time\" content=\"2025-04-11T15:02:16+00:00\" \/>\n<meta name=\"twitter:card\" content=\"summary_large_image\" \/>\n<meta name=\"twitter:label1\" content=\"Arvioitu lukuaika\" \/>\n\t<meta name=\"twitter:data1\" content=\"1 minuutti\" \/>\n<script type=\"application\/ld+json\" class=\"yoast-schema-graph\">{\"@context\":\"https:\\\/\\\/schema.org\",\"@graph\":[{\"@type\":\"WebPage\",\"@id\":\"https:\\\/\\\/www.fitforfuture.fi\\\/index.php\\\/etusivu\\\/ajankohtaista\\\/\",\"url\":\"https:\\\/\\\/www.fitforfuture.fi\\\/index.php\\\/etusivu\\\/ajankohtaista\\\/\",\"name\":\"Ajankohtaista - Fit For Future\",\"isPartOf\":{\"@id\":\"https:\\\/\\\/www.fitforfuture.fi\\\/#website\"},\"datePublished\":\"2025-03-24T09:55:51+00:00\",\"dateModified\":\"2025-04-11T15:02:16+00:00\",\"description\":\"Yhdess\u00e4 henkil\u00f6st\u00f6n kanssa rakennatte tulevaisuuden menestyksenne. \\\"Ain' laulain ty\u00f6t\u00e4s tee\\\" - tilaa oma laulu yrityksellesi.\",\"breadcrumb\":{\"@id\":\"https:\\\/\\\/www.fitforfuture.fi\\\/index.php\\\/etusivu\\\/ajankohtaista\\\/#breadcrumb\"},\"inLanguage\":\"fi\",\"potentialAction\":[{\"@type\":\"ReadAction\",\"target\":[\"https:\\\/\\\/www.fitforfuture.fi\\\/index.php\\\/etusivu\\\/ajankohtaista\\\/\"]}]},{\"@type\":\"BreadcrumbList\",\"@id\":\"https:\\\/\\\/www.fitforfuture.fi\\\/index.php\\\/etusivu\\\/ajankohtaista\\\/#breadcrumb\",\"itemListElement\":[{\"@type\":\"ListItem\",\"position\":1,\"name\":\"Etusivu\",\"item\":\"https:\\\/\\\/www.fitforfuture.fi\\\/\"},{\"@type\":\"ListItem\",\"position\":2,\"name\":\"Fit for Future &#8211; Valmiina tulevaan!\",\"item\":\"https:\\\/\\\/www.fitforfuture.fi\\\/\"},{\"@type\":\"ListItem\",\"position\":3,\"name\":\"Ajankohtaista\"}]},{\"@type\":\"WebSite\",\"@id\":\"https:\\\/\\\/www.fitforfuture.fi\\\/#website\",\"url\":\"https:\\\/\\\/www.fitforfuture.fi\\\/\",\"name\":\"Fit For Future\",\"description\":\"Varmista yrityksesi tulevaisuus jo t&auml;n&auml;&auml;n!\",\"publisher\":{\"@id\":\"https:\\\/\\\/www.fitforfuture.fi\\\/#organization\"},\"potentialAction\":[{\"@type\":\"SearchAction\",\"target\":{\"@type\":\"EntryPoint\",\"urlTemplate\":\"https:\\\/\\\/www.fitforfuture.fi\\\/?s={search_term_string}\"},\"query-input\":{\"@type\":\"PropertyValueSpecification\",\"valueRequired\":true,\"valueName\":\"search_term_string\"}}],\"inLanguage\":\"fi\"},{\"@type\":\"Organization\",\"@id\":\"https:\\\/\\\/www.fitforfuture.fi\\\/#organization\",\"name\":\"ConTe Oy\",\"url\":\"https:\\\/\\\/www.fitforfuture.fi\\\/\",\"logo\":{\"@type\":\"ImageObject\",\"inLanguage\":\"fi\",\"@id\":\"https:\\\/\\\/www.fitforfuture.fi\\\/#\\\/schema\\\/logo\\\/image\\\/\",\"url\":\"https:\\\/\\\/www.fitforfuture.fi\\\/wp-content\\\/uploads\\\/2025\\\/03\\\/cropped-a-business-style-image-with-orange-text-_USFi1xZFQOeRjrjqvNKmSA_4YFRtD4DSPOb7iT3dkt4eQ-2.jpeg\",\"contentUrl\":\"https:\\\/\\\/www.fitforfuture.fi\\\/wp-content\\\/uploads\\\/2025\\\/03\\\/cropped-a-business-style-image-with-orange-text-_USFi1xZFQOeRjrjqvNKmSA_4YFRtD4DSPOb7iT3dkt4eQ-2.jpeg\",\"width\":250,\"height\":250,\"caption\":\"ConTe Oy\"},\"image\":{\"@id\":\"https:\\\/\\\/www.fitforfuture.fi\\\/#\\\/schema\\\/logo\\\/image\\\/\"},\"sameAs\":[\"https:\\\/\\\/www.facebook.com\\\/ConteOy\"]}]}<\/script>\n<!-- \/ Yoast SEO plugin. -->","yoast_head_json":{"title":"Ajankohtaista - Fit For Future","description":"Yhdess\u00e4 henkil\u00f6st\u00f6n kanssa rakennatte tulevaisuuden menestyksenne. \"Ain' laulain ty\u00f6t\u00e4s tee\" - tilaa oma laulu yrityksellesi.","robots":{"index":"index","follow":"follow","max-snippet":"max-snippet:-1","max-image-preview":"max-image-preview:large","max-video-preview":"max-video-preview:-1"},"canonical":"https:\/\/www.fitforfuture.fi\/index.php\/etusivu\/ajankohtaista\/","og_locale":"fi_FI","og_type":"article","og_title":"Ajankohtaista - Fit For Future","og_description":"Yhdess\u00e4 henkil\u00f6st\u00f6n kanssa rakennatte tulevaisuuden menestyksenne. \"Ain' laulain ty\u00f6t\u00e4s tee\" - tilaa oma laulu yrityksellesi.","og_url":"https:\/\/www.fitforfuture.fi\/index.php\/etusivu\/ajankohtaista\/","og_site_name":"Fit For Future","article_publisher":"https:\/\/www.facebook.com\/ConteOy","article_modified_time":"2025-04-11T15:02:16+00:00","twitter_card":"summary_large_image","twitter_misc":{"Arvioitu lukuaika":"1 minuutti"},"schema":{"@context":"https:\/\/schema.org","@graph":[{"@type":"WebPage","@id":"https:\/\/www.fitforfuture.fi\/index.php\/etusivu\/ajankohtaista\/","url":"https:\/\/www.fitforfuture.fi\/index.php\/etusivu\/ajankohtaista\/","name":"Ajankohtaista - Fit For Future","isPartOf":{"@id":"https:\/\/www.fitforfuture.fi\/#website"},"datePublished":"2025-03-24T09:55:51+00:00","dateModified":"2025-04-11T15:02:16+00:00","description":"Yhdess\u00e4 henkil\u00f6st\u00f6n kanssa rakennatte tulevaisuuden menestyksenne. \"Ain' laulain ty\u00f6t\u00e4s tee\" - tilaa oma laulu yrityksellesi.","breadcrumb":{"@id":"https:\/\/www.fitforfuture.fi\/index.php\/etusivu\/ajankohtaista\/#breadcrumb"},"inLanguage":"fi","potentialAction":[{"@type":"ReadAction","target":["https:\/\/www.fitforfuture.fi\/index.php\/etusivu\/ajankohtaista\/"]}]},{"@type":"BreadcrumbList","@id":"https:\/\/www.fitforfuture.fi\/index.php\/etusivu\/ajankohtaista\/#breadcrumb","itemListElement":[{"@type":"ListItem","position":1,"name":"Etusivu","item":"https:\/\/www.fitforfuture.fi\/"},{"@type":"ListItem","position":2,"name":"Fit for Future &#8211; Valmiina tulevaan!","item":"https:\/\/www.fitforfuture.fi\/"},{"@type":"ListItem","position":3,"name":"Ajankohtaista"}]},{"@type":"WebSite","@id":"https:\/\/www.fitforfuture.fi\/#website","url":"https:\/\/www.fitforfuture.fi\/","name":"Fit For Future","description":"Varmista yrityksesi tulevaisuus jo t&auml;n&auml;&auml;n!","publisher":{"@id":"https:\/\/www.fitforfuture.fi\/#organization"},"potentialAction":[{"@type":"SearchAction","target":{"@type":"EntryPoint","urlTemplate":"https:\/\/www.fitforfuture.fi\/?s={search_term_string}"},"query-input":{"@type":"PropertyValueSpecification","valueRequired":true,"valueName":"search_term_string"}}],"inLanguage":"fi"},{"@type":"Organization","@id":"https:\/\/www.fitforfuture.fi\/#organization","name":"ConTe Oy","url":"https:\/\/www.fitforfuture.fi\/","logo":{"@type":"ImageObject","inLanguage":"fi","@id":"https:\/\/www.fitforfuture.fi\/#\/schema\/logo\/image\/","url":"https:\/\/www.fitforfuture.fi\/wp-content\/uploads\/2025\/03\/cropped-a-business-style-image-with-orange-text-_USFi1xZFQOeRjrjqvNKmSA_4YFRtD4DSPOb7iT3dkt4eQ-2.jpeg","contentUrl":"https:\/\/www.fitforfuture.fi\/wp-content\/uploads\/2025\/03\/cropped-a-business-style-image-with-orange-text-_USFi1xZFQOeRjrjqvNKmSA_4YFRtD4DSPOb7iT3dkt4eQ-2.jpeg","width":250,"height":250,"caption":"ConTe Oy"},"image":{"@id":"https:\/\/www.fitforfuture.fi\/#\/schema\/logo\/image\/"},"sameAs":["https:\/\/www.facebook.com\/ConteOy"]}]}},"_links":{"self":[{"href":"https:\/\/www.fitforfuture.fi\/index.php\/wp-json\/wp\/v2\/pages\/43","targetHints":{"allow":["GET"]}}],"collection":[{"href":"https:\/\/www.fitforfuture.fi\/index.php\/wp-json\/wp\/v2\/pages"}],"about":[{"href":"https:\/\/www.fitforfuture.fi\/index.php\/wp-json\/wp\/v2\/types\/page"}],"author":[{"embeddable":true,"href":"https:\/\/www.fitforfuture.fi\/index.php\/wp-json\/wp\/v2\/users\/1"}],"replies":[{"embeddable":true,"href":"https:\/\/www.fitforfuture.fi\/index.php\/wp-json\/wp\/v2\/comments?post=43"}],"version-history":[{"count":8,"href":"https:\/\/www.fitforfuture.fi\/index.php\/wp-json\/wp\/v2\/pages\/43\/revisions"}],"predecessor-version":[{"id":189,"href":"https:\/\/www.fitforfuture.fi\/index.php\/wp-json\/wp\/v2\/pages\/43\/revisions\/189"}],"up":[{"embeddable":true,"href":"https:\/\/www.fitforfuture.fi\/index.php\/wp-json\/wp\/v2\/pages\/40"}],"wp:attachment":[{"href":"https:\/\/www.fitforfuture.fi\/index.php\/wp-json\/wp\/v2\/media?parent=43"}],"curies":[{"name":"wp","href":"https:\/\/api.w.org\/{rel}","templated":true}]}}