{"id":10,"date":"2025-03-24T08:58:07","date_gmt":"2025-03-24T08:58:07","guid":{"rendered":"https:\/\/www.fitforfuture.fi\/?page_id=10"},"modified":"2025-09-25T15:05:44","modified_gmt":"2025-09-25T15:05:44","slug":"yhteystiedot","status":"publish","type":"page","link":"https:\/\/www.fitforfuture.fi\/index.php\/etusivu\/yhteystiedot\/","title":{"rendered":"Yhteystiedot"},"content":{"rendered":"\n<p><strong>FIT FOR FUTURE &#8211; VALMIINA TULEVAAN<\/strong>!<\/p>\n\n\n\n<p><\/p>\n\n\n\n<p><strong>Fit for Future -konsepti on ConTe Oy:n kehitt\u00e4m\u00e4 ja tuottama palvelu. ConTe Oy on vuonna 2009 perustettu suomalainen liikkeenjohdon konsultointiyritys.<\/strong><\/p>\n\n\n\n<div class=\"wp-block-buttons is-layout-flex wp-block-buttons-is-layout-flex\">\n<div class=\"wp-block-button\"><a class=\"wp-block-button__link wp-element-button\" href=\"https:\/\/conte.fi\">Tutustu ConTe Oy:hyn<\/a><\/div>\n<\/div>\n\n\n\n<p><\/p>\n\n\n\n<p><\/p>\n\n\n\n<p><\/p>\n\n\n\n<p class=\"has-medium-font-size\"><strong>L\u00f6ysitk\u00f6 etsim\u00e4si? Kaipaatko lis\u00e4tietoja?<\/strong><\/p>\n\n\n\n<p><strong>Ota yhteytt\u00e4:<\/strong><\/p>\n\n\n\n<div class=\"wp-block-group\"><div class=\"wp-block-group__inner-container is-layout-constrained wp-block-group-is-layout-constrained\">\n<p>Consulting Talents &amp; Events ConTe Oy<br>Y: 2297336-4<br>H\u00e4meenapajantie 18 A, 00850 Helsinki<br>Puhelin: 040 55 11 558<br>S-posti: mira.kivisto@conte.fi<\/p>\n\n\n\n<div class=\"wp-block-columns is-layout-flex wp-container-core-columns-is-layout-9d6595d7 wp-block-columns-is-layout-flex\">\n<div class=\"wp-block-column is-layout-flow wp-block-column-is-layout-flow\" style=\"flex-basis:100%\">\n<div class=\"wp-block-buttons is-layout-flex wp-block-buttons-is-layout-flex\">\n<div class=\"wp-block-button\"><a class=\"wp-block-button__link wp-element-button\" href=\"http:\/\/www.linkedin.com\/in\/mirakivisto\">Verkostoidu LinkedIniss\u00e4<\/a><\/div>\n<\/div>\n<\/div>\n<\/div>\n<\/div><\/div>\n\n\n\n<div class=\"wp-block-columns is-layout-flex wp-container-core-columns-is-layout-9d6595d7 wp-block-columns-is-layout-flex\">\n<div class=\"wp-block-column is-layout-flow wp-block-column-is-layout-flow\"><\/div>\n\n\n\n<div class=\"wp-block-column is-layout-flow wp-block-column-is-layout-flow\"><\/div>\n<\/div>\n\n\n\n<p class=\"has-medium-font-size\"><strong>Otahan yhteytt\u00e4, niin laitetaan yhdess\u00e4 yrityksesi <\/strong><br><strong>Fit for Future!<\/strong><\/p>\n\n\n\n<figure class=\"wp-block-image size-full is-resized\"><img loading=\"lazy\" decoding=\"async\" width=\"250\" height=\"250\" src=\"https:\/\/www.fitforfuture.fi\/wp-content\/uploads\/2025\/03\/cropped-a-business-style-image-with-orange-text-_USFi1xZFQOeRjrjqvNKmSA_4YFRtD4DSPOb7iT3dkt4eQ-2.jpeg\" alt=\"Fit for Future -ty\u00f6pajan oranssi logo\" class=\"wp-image-97\" style=\"width:300px\" srcset=\"https:\/\/www.fitforfuture.fi\/wp-content\/uploads\/2025\/03\/cropped-a-business-style-image-with-orange-text-_USFi1xZFQOeRjrjqvNKmSA_4YFRtD4DSPOb7iT3dkt4eQ-2.jpeg 250w, https:\/\/www.fitforfuture.fi\/wp-content\/uploads\/2025\/03\/cropped-a-business-style-image-with-orange-text-_USFi1xZFQOeRjrjqvNKmSA_4YFRtD4DSPOb7iT3dkt4eQ-2-150x150.jpeg 150w, https:\/\/www.fitforfuture.fi\/wp-content\/uploads\/2025\/03\/cropped-a-business-style-image-with-orange-text-_USFi1xZFQOeRjrjqvNKmSA_4YFRtD4DSPOb7iT3dkt4eQ-2-100x100.jpeg 100w\" sizes=\"auto, (max-width: 250px) 100vw, 250px\" \/><\/figure>\n\n\n\n<p><\/p>\n\n\n\n<p><\/p>\n","protected":false},"excerpt":{"rendered":"<p>FIT FOR FUTURE &#8211; VALMIINA TULEVAAN! Fit for Future -konsepti on ConTe Oy:n kehitt\u00e4m\u00e4 ja tuottama palvelu. ConTe Oy on vuonna 2009 perustettu suomalainen liikkeenjohdon konsultointiyritys. L\u00f6ysitk\u00f6 etsim\u00e4si? Kaipaatko lis\u00e4tietoja? Ota yhteytt\u00e4: Consulting Talents &amp; Events ConTe OyY: 2297336-4H\u00e4meenapajantie 18 A, 00850 HelsinkiPuhelin: 040 55 11 558S-posti: mira.kivisto@conte.fi Otahan yhteytt\u00e4, niin laitetaan yhdess\u00e4 yrityksesi Fit &hellip; <\/p>\n<p class=\"link-more\"><a href=\"https:\/\/www.fitforfuture.fi\/index.php\/etusivu\/yhteystiedot\/\" class=\"more-link\">Jatka lukemista<span class=\"screen-reader-text\"> &#8221;Yhteystiedot&#8221;<\/span><\/a><\/p>\n","protected":false},"author":1,"featured_media":0,"parent":40,"menu_order":5,"comment_status":"closed","ping_status":"closed","template":"","meta":{"footnotes":""},"class_list":["post-10","page","type-page","status-publish","hentry"],"yoast_head":"<!-- This site is optimized with the Yoast SEO plugin v27.5 - https:\/\/yoast.com\/product\/yoast-seo-wordpress\/ -->\n<title>Yhteystiedot - Fit For Future<\/title>\n<meta name=\"description\" content=\"Ota yhteytt\u00e4 ja tilaa yrityksellesi oma Fit for Future -ty\u00f6paja, jossa yhdess\u00e4 henkil\u00f6st\u00f6n kanssa rakennatte tulevaisuuden menestyst\u00e4nne.\" \/>\n<meta name=\"robots\" content=\"index, follow, max-snippet:-1, max-image-preview:large, max-video-preview:-1\" \/>\n<link rel=\"canonical\" href=\"https:\/\/www.fitforfuture.fi\/index.php\/etusivu\/yhteystiedot\/\" \/>\n<meta property=\"og:locale\" content=\"fi_FI\" \/>\n<meta property=\"og:type\" content=\"article\" \/>\n<meta property=\"og:title\" content=\"Yhteystiedot - Fit For Future\" \/>\n<meta property=\"og:description\" content=\"Ota yhteytt\u00e4 ja tilaa yrityksellesi oma Fit for Future -ty\u00f6paja, jossa yhdess\u00e4 henkil\u00f6st\u00f6n kanssa rakennatte tulevaisuuden menestyst\u00e4nne.\" \/>\n<meta property=\"og:url\" content=\"https:\/\/www.fitforfuture.fi\/index.php\/etusivu\/yhteystiedot\/\" \/>\n<meta property=\"og:site_name\" content=\"Fit For Future\" \/>\n<meta property=\"article:publisher\" content=\"https:\/\/www.facebook.com\/ConteOy\" \/>\n<meta property=\"article:modified_time\" content=\"2025-09-25T15:05:44+00:00\" \/>\n<meta property=\"og:image\" content=\"https:\/\/www.fitforfuture.fi\/wp-content\/uploads\/2025\/03\/cropped-a-business-style-image-with-orange-text-_USFi1xZFQOeRjrjqvNKmSA_4YFRtD4DSPOb7iT3dkt4eQ-2.jpeg\" \/>\n\t<meta property=\"og:image:width\" content=\"250\" \/>\n\t<meta property=\"og:image:height\" content=\"250\" \/>\n\t<meta property=\"og:image:type\" content=\"image\/jpeg\" \/>\n<meta name=\"twitter:card\" content=\"summary_large_image\" \/>\n<meta name=\"twitter:label1\" content=\"Arvioitu lukuaika\" \/>\n\t<meta name=\"twitter:data1\" content=\"1 minuutti\" \/>\n<script type=\"application\/ld+json\" class=\"yoast-schema-graph\">{\"@context\":\"https:\\\/\\\/schema.org\",\"@graph\":[{\"@type\":\"WebPage\",\"@id\":\"https:\\\/\\\/www.fitforfuture.fi\\\/index.php\\\/etusivu\\\/yhteystiedot\\\/\",\"url\":\"https:\\\/\\\/www.fitforfuture.fi\\\/index.php\\\/etusivu\\\/yhteystiedot\\\/\",\"name\":\"Yhteystiedot - Fit For Future\",\"isPartOf\":{\"@id\":\"https:\\\/\\\/www.fitforfuture.fi\\\/#website\"},\"primaryImageOfPage\":{\"@id\":\"https:\\\/\\\/www.fitforfuture.fi\\\/index.php\\\/etusivu\\\/yhteystiedot\\\/#primaryimage\"},\"image\":{\"@id\":\"https:\\\/\\\/www.fitforfuture.fi\\\/index.php\\\/etusivu\\\/yhteystiedot\\\/#primaryimage\"},\"thumbnailUrl\":\"https:\\\/\\\/www.fitforfuture.fi\\\/wp-content\\\/uploads\\\/2025\\\/03\\\/cropped-a-business-style-image-with-orange-text-_USFi1xZFQOeRjrjqvNKmSA_4YFRtD4DSPOb7iT3dkt4eQ-2.jpeg\",\"datePublished\":\"2025-03-24T08:58:07+00:00\",\"dateModified\":\"2025-09-25T15:05:44+00:00\",\"description\":\"Ota yhteytt\u00e4 ja tilaa yrityksellesi oma Fit for Future -ty\u00f6paja, jossa yhdess\u00e4 henkil\u00f6st\u00f6n kanssa rakennatte tulevaisuuden menestyst\u00e4nne.\",\"breadcrumb\":{\"@id\":\"https:\\\/\\\/www.fitforfuture.fi\\\/index.php\\\/etusivu\\\/yhteystiedot\\\/#breadcrumb\"},\"inLanguage\":\"fi\",\"potentialAction\":[{\"@type\":\"ReadAction\",\"target\":[\"https:\\\/\\\/www.fitforfuture.fi\\\/index.php\\\/etusivu\\\/yhteystiedot\\\/\"]}]},{\"@type\":\"ImageObject\",\"inLanguage\":\"fi\",\"@id\":\"https:\\\/\\\/www.fitforfuture.fi\\\/index.php\\\/etusivu\\\/yhteystiedot\\\/#primaryimage\",\"url\":\"https:\\\/\\\/www.fitforfuture.fi\\\/wp-content\\\/uploads\\\/2025\\\/03\\\/cropped-a-business-style-image-with-orange-text-_USFi1xZFQOeRjrjqvNKmSA_4YFRtD4DSPOb7iT3dkt4eQ-2.jpeg\",\"contentUrl\":\"https:\\\/\\\/www.fitforfuture.fi\\\/wp-content\\\/uploads\\\/2025\\\/03\\\/cropped-a-business-style-image-with-orange-text-_USFi1xZFQOeRjrjqvNKmSA_4YFRtD4DSPOb7iT3dkt4eQ-2.jpeg\",\"width\":250,\"height\":250,\"caption\":\"Fit for Future -ty\u00f6pajan oranssi logo\"},{\"@type\":\"BreadcrumbList\",\"@id\":\"https:\\\/\\\/www.fitforfuture.fi\\\/index.php\\\/etusivu\\\/yhteystiedot\\\/#breadcrumb\",\"itemListElement\":[{\"@type\":\"ListItem\",\"position\":1,\"name\":\"Etusivu\",\"item\":\"https:\\\/\\\/www.fitforfuture.fi\\\/\"},{\"@type\":\"ListItem\",\"position\":2,\"name\":\"Fit for Future &#8211; Valmiina tulevaan!\",\"item\":\"https:\\\/\\\/www.fitforfuture.fi\\\/\"},{\"@type\":\"ListItem\",\"position\":3,\"name\":\"Yhteystiedot\"}]},{\"@type\":\"WebSite\",\"@id\":\"https:\\\/\\\/www.fitforfuture.fi\\\/#website\",\"url\":\"https:\\\/\\\/www.fitforfuture.fi\\\/\",\"name\":\"Fit For Future\",\"description\":\"Varmista yrityksesi tulevaisuus jo t&auml;n&auml;&auml;n!\",\"publisher\":{\"@id\":\"https:\\\/\\\/www.fitforfuture.fi\\\/#organization\"},\"potentialAction\":[{\"@type\":\"SearchAction\",\"target\":{\"@type\":\"EntryPoint\",\"urlTemplate\":\"https:\\\/\\\/www.fitforfuture.fi\\\/?s={search_term_string}\"},\"query-input\":{\"@type\":\"PropertyValueSpecification\",\"valueRequired\":true,\"valueName\":\"search_term_string\"}}],\"inLanguage\":\"fi\"},{\"@type\":\"Organization\",\"@id\":\"https:\\\/\\\/www.fitforfuture.fi\\\/#organization\",\"name\":\"ConTe Oy\",\"url\":\"https:\\\/\\\/www.fitforfuture.fi\\\/\",\"logo\":{\"@type\":\"ImageObject\",\"inLanguage\":\"fi\",\"@id\":\"https:\\\/\\\/www.fitforfuture.fi\\\/#\\\/schema\\\/logo\\\/image\\\/\",\"url\":\"https:\\\/\\\/www.fitforfuture.fi\\\/wp-content\\\/uploads\\\/2025\\\/03\\\/cropped-a-business-style-image-with-orange-text-_USFi1xZFQOeRjrjqvNKmSA_4YFRtD4DSPOb7iT3dkt4eQ-2.jpeg\",\"contentUrl\":\"https:\\\/\\\/www.fitforfuture.fi\\\/wp-content\\\/uploads\\\/2025\\\/03\\\/cropped-a-business-style-image-with-orange-text-_USFi1xZFQOeRjrjqvNKmSA_4YFRtD4DSPOb7iT3dkt4eQ-2.jpeg\",\"width\":250,\"height\":250,\"caption\":\"ConTe Oy\"},\"image\":{\"@id\":\"https:\\\/\\\/www.fitforfuture.fi\\\/#\\\/schema\\\/logo\\\/image\\\/\"},\"sameAs\":[\"https:\\\/\\\/www.facebook.com\\\/ConteOy\"]}]}<\/script>\n<!-- \/ Yoast SEO plugin. -->","yoast_head_json":{"title":"Yhteystiedot - Fit For Future","description":"Ota yhteytt\u00e4 ja tilaa yrityksellesi oma Fit for Future -ty\u00f6paja, jossa yhdess\u00e4 henkil\u00f6st\u00f6n kanssa rakennatte tulevaisuuden menestyst\u00e4nne.","robots":{"index":"index","follow":"follow","max-snippet":"max-snippet:-1","max-image-preview":"max-image-preview:large","max-video-preview":"max-video-preview:-1"},"canonical":"https:\/\/www.fitforfuture.fi\/index.php\/etusivu\/yhteystiedot\/","og_locale":"fi_FI","og_type":"article","og_title":"Yhteystiedot - Fit For Future","og_description":"Ota yhteytt\u00e4 ja tilaa yrityksellesi oma Fit for Future -ty\u00f6paja, jossa yhdess\u00e4 henkil\u00f6st\u00f6n kanssa rakennatte tulevaisuuden menestyst\u00e4nne.","og_url":"https:\/\/www.fitforfuture.fi\/index.php\/etusivu\/yhteystiedot\/","og_site_name":"Fit For Future","article_publisher":"https:\/\/www.facebook.com\/ConteOy","article_modified_time":"2025-09-25T15:05:44+00:00","og_image":[{"width":250,"height":250,"url":"https:\/\/www.fitforfuture.fi\/wp-content\/uploads\/2025\/03\/cropped-a-business-style-image-with-orange-text-_USFi1xZFQOeRjrjqvNKmSA_4YFRtD4DSPOb7iT3dkt4eQ-2.jpeg","type":"image\/jpeg"}],"twitter_card":"summary_large_image","twitter_misc":{"Arvioitu lukuaika":"1 minuutti"},"schema":{"@context":"https:\/\/schema.org","@graph":[{"@type":"WebPage","@id":"https:\/\/www.fitforfuture.fi\/index.php\/etusivu\/yhteystiedot\/","url":"https:\/\/www.fitforfuture.fi\/index.php\/etusivu\/yhteystiedot\/","name":"Yhteystiedot - Fit For Future","isPartOf":{"@id":"https:\/\/www.fitforfuture.fi\/#website"},"primaryImageOfPage":{"@id":"https:\/\/www.fitforfuture.fi\/index.php\/etusivu\/yhteystiedot\/#primaryimage"},"image":{"@id":"https:\/\/www.fitforfuture.fi\/index.php\/etusivu\/yhteystiedot\/#primaryimage"},"thumbnailUrl":"https:\/\/www.fitforfuture.fi\/wp-content\/uploads\/2025\/03\/cropped-a-business-style-image-with-orange-text-_USFi1xZFQOeRjrjqvNKmSA_4YFRtD4DSPOb7iT3dkt4eQ-2.jpeg","datePublished":"2025-03-24T08:58:07+00:00","dateModified":"2025-09-25T15:05:44+00:00","description":"Ota yhteytt\u00e4 ja tilaa yrityksellesi oma Fit for Future -ty\u00f6paja, jossa yhdess\u00e4 henkil\u00f6st\u00f6n kanssa rakennatte tulevaisuuden menestyst\u00e4nne.","breadcrumb":{"@id":"https:\/\/www.fitforfuture.fi\/index.php\/etusivu\/yhteystiedot\/#breadcrumb"},"inLanguage":"fi","potentialAction":[{"@type":"ReadAction","target":["https:\/\/www.fitforfuture.fi\/index.php\/etusivu\/yhteystiedot\/"]}]},{"@type":"ImageObject","inLanguage":"fi","@id":"https:\/\/www.fitforfuture.fi\/index.php\/etusivu\/yhteystiedot\/#primaryimage","url":"https:\/\/www.fitforfuture.fi\/wp-content\/uploads\/2025\/03\/cropped-a-business-style-image-with-orange-text-_USFi1xZFQOeRjrjqvNKmSA_4YFRtD4DSPOb7iT3dkt4eQ-2.jpeg","contentUrl":"https:\/\/www.fitforfuture.fi\/wp-content\/uploads\/2025\/03\/cropped-a-business-style-image-with-orange-text-_USFi1xZFQOeRjrjqvNKmSA_4YFRtD4DSPOb7iT3dkt4eQ-2.jpeg","width":250,"height":250,"caption":"Fit for Future -ty\u00f6pajan oranssi logo"},{"@type":"BreadcrumbList","@id":"https:\/\/www.fitforfuture.fi\/index.php\/etusivu\/yhteystiedot\/#breadcrumb","itemListElement":[{"@type":"ListItem","position":1,"name":"Etusivu","item":"https:\/\/www.fitforfuture.fi\/"},{"@type":"ListItem","position":2,"name":"Fit for Future &#8211; Valmiina tulevaan!","item":"https:\/\/www.fitforfuture.fi\/"},{"@type":"ListItem","position":3,"name":"Yhteystiedot"}]},{"@type":"WebSite","@id":"https:\/\/www.fitforfuture.fi\/#website","url":"https:\/\/www.fitforfuture.fi\/","name":"Fit For Future","description":"Varmista yrityksesi tulevaisuus jo t&auml;n&auml;&auml;n!","publisher":{"@id":"https:\/\/www.fitforfuture.fi\/#organization"},"potentialAction":[{"@type":"SearchAction","target":{"@type":"EntryPoint","urlTemplate":"https:\/\/www.fitforfuture.fi\/?s={search_term_string}"},"query-input":{"@type":"PropertyValueSpecification","valueRequired":true,"valueName":"search_term_string"}}],"inLanguage":"fi"},{"@type":"Organization","@id":"https:\/\/www.fitforfuture.fi\/#organization","name":"ConTe Oy","url":"https:\/\/www.fitforfuture.fi\/","logo":{"@type":"ImageObject","inLanguage":"fi","@id":"https:\/\/www.fitforfuture.fi\/#\/schema\/logo\/image\/","url":"https:\/\/www.fitforfuture.fi\/wp-content\/uploads\/2025\/03\/cropped-a-business-style-image-with-orange-text-_USFi1xZFQOeRjrjqvNKmSA_4YFRtD4DSPOb7iT3dkt4eQ-2.jpeg","contentUrl":"https:\/\/www.fitforfuture.fi\/wp-content\/uploads\/2025\/03\/cropped-a-business-style-image-with-orange-text-_USFi1xZFQOeRjrjqvNKmSA_4YFRtD4DSPOb7iT3dkt4eQ-2.jpeg","width":250,"height":250,"caption":"ConTe Oy"},"image":{"@id":"https:\/\/www.fitforfuture.fi\/#\/schema\/logo\/image\/"},"sameAs":["https:\/\/www.facebook.com\/ConteOy"]}]}},"_links":{"self":[{"href":"https:\/\/www.fitforfuture.fi\/index.php\/wp-json\/wp\/v2\/pages\/10","targetHints":{"allow":["GET"]}}],"collection":[{"href":"https:\/\/www.fitforfuture.fi\/index.php\/wp-json\/wp\/v2\/pages"}],"about":[{"href":"https:\/\/www.fitforfuture.fi\/index.php\/wp-json\/wp\/v2\/types\/page"}],"author":[{"embeddable":true,"href":"https:\/\/www.fitforfuture.fi\/index.php\/wp-json\/wp\/v2\/users\/1"}],"replies":[{"embeddable":true,"href":"https:\/\/www.fitforfuture.fi\/index.php\/wp-json\/wp\/v2\/comments?post=10"}],"version-history":[{"count":24,"href":"https:\/\/www.fitforfuture.fi\/index.php\/wp-json\/wp\/v2\/pages\/10\/revisions"}],"predecessor-version":[{"id":229,"href":"https:\/\/www.fitforfuture.fi\/index.php\/wp-json\/wp\/v2\/pages\/10\/revisions\/229"}],"up":[{"embeddable":true,"href":"https:\/\/www.fitforfuture.fi\/index.php\/wp-json\/wp\/v2\/pages\/40"}],"wp:attachment":[{"href":"https:\/\/www.fitforfuture.fi\/index.php\/wp-json\/wp\/v2\/media?parent=10"}],"curies":[{"name":"wp","href":"https:\/\/api.w.org\/{rel}","templated":true}]}}